
34
Calculate the remainder when 218 is divided by 60.
38
Calculate the remainder when 397 is divided by 145.
107
Calculate the remainder when 2490 is divided by 28.
26
Calculate the remainder when 5824 is divided by 30.
4
Calculate the remainder when 1277 is divided by 128.
125
What is the remainder when 47 is divided by 17?
13
Calculate the remainder when 981 is divided by 6.
3
Calculate the remainder when 31 is divided by 22.
9
Calculate the remainder when 359 is divided by 90.
89
Calculate the remainder when 4898 is divided by 86.
82
Calculate the remainder when 41 is divided by 2.
1
What is the remainder when 91567 is divided by 10?
7
What is the remainder when 342 is divided by 115?
112
Calculate the remainder when 1128 is divided by 375.
3
What is the remainder when 36 is divided by 27?
9
Calculate the remainder when 145 is divided by 104.
41
What is the remainder when 654 is divided by 126?
24
What is the remainder when 237 is divided by 56?
13
What is the remainder when 93 is divided by 47?
46
What is the remainder when 203 is divided by 27?
14
What is the remainder when 374 is divided by 128?
118
What is the remainder when 941 is divided by 43?
38
What is the remainder when 132 is divided by 19?
18
Calculate the remainder when 44 is divided by 12.
8
What is the remainder when 3476 is divided by 71?
68
Calculate the remainder when 375 is divided by 21.
18
What is the remainder when 664 is divided by 40?
24
What is the remainder when 180 is divided by 46?
42
What is the remainder when 236 is divided by 42?
26
What is the remainder when 579 is divided by 208?
163
What is the remainder when 367 is divided by 5?
2
Calculate the remainder when 473 is divided by 34.
31
What is the remainder when 62 is divided by 30?
2
What is the remainder when 2866 is divided by 6?
4
What is the remainder when 56 is divided by 39?
17
Calculate the remainder when 2099 is divided by 75.
74
Calculate the remainder when 18 is divided by 5.
3
Calculate the remainder when 385 is divided by 201.
184
Calculate the remainder when 92 is divided by 20.
12
What is the remainder when 408 is divided by 106?
90
Calculate the remainder when 12673 is divided by 39.
37
Calculate the remainder when 229 is divided by 86.
57
Calculate the remainder when 2059 is divided by 86.
81
What is the remainder when 363 is divided by 13?
12
Calculate the remainder when 8 is divided by 4.
0
What is the remainder when 645 is divided by 31?
25
Calculate the remainder when 989 is divided by 174.
119
What is the remainder when 134 is divided by 98?
36
What is the remainder when 46 is divided by 26?
20
What is the remainder when 120 is divided by 37?
9
What is the remainder when 14516 is divided by 17?
15
What is the remainder when 152 is divided by 78?
74
Calculate the remainder when 3288 is divided by 61.
55
Calculate the remainder when 185 is divided by 87.
11
Calculate the remainder when 1032 is divided by 314.
90
What is the remainder when 426 is divided by 209?
8
What is the remainder when 106 is divided by 1?
0
Calculate the remainder when 51 is divided by 41.
10
Calculate the remainder when 304 is divided by 28.
24
What is the remainder when 6381 is divided by 21?
18
What is the remainder when 2739 is divided by 26?
9
What is the remainder when 5073 is divided by 36?
33
What is the remainder when 1024 is divided by 25?
24
What is the remainder when 308 is divided by 62?
60
Calculate the remainder when 646 is divided by 195.
61
Calculate the remainder when 1258 is divided by 60.
58
Calculate the remainder when 242 is divided by 9.
8
What is the remainder when 610 is divided by 47?
46
What is the remainder when 1359 is divided by 321?
75
Calculate the remainder when 335 is divided by 111.
2
Calculate the remainder when 3844 is divided by 70.
64
Calculate the remainder when 697 is divided by 23.
7
Calculate the remainder when 85 is divided by 29.
27
What is the remainder when 1281 is divided by 12?
9
Calculate the remainder when 412 is divided by 110.
82
What is the remainder when 118 is divided by 30?
28
What is the remainder when 204 is divided by 18?
6
What is the remainder when 14037 is divided by 195?
192
What is the remainder when 808 is divided by 74?
68
Calculate the remainder when 1089 is divided by 52.
49
Calculate the remainder when 376 is divided by 141.
94
What is the remainder when 479 is divided by 272?
207
Calculate the remainder when 976 is divided by 476.
24
What is the remainder when 1326 is divided by 10?
6
Calculate the remainder when 84 is divided by 41.
2
Calculate the remainder when 15169 is divided by 22.
11
What is the remainder when 135 is divided by 124?
11
Calculate the remainder when 460 is divided by 452.
8
Calculate the remainder when 4303 is divided by 59.
55
Calculate the remainder when 44 is divided by 5.
4
What is the remainder when 298 is divided by 123?
52
What is the remainder when 2648 is divided by 25?
23
Calculate the remainder when 80 is divided by 67.
13
Calculate the remainder when 5132 is divided by 87.
86
What is the remainder when 1249 is divided by 409?
22
Calculate the remainder when 501 is divided by 103.
89
Calculate the remainder when 42 is divided by 9.
6
Calculate the remainder when 592 is divided by 33.
31
Calculate the remainder when 425 is divided by 61.
59
Calculate the remainder when 347 is divided by 170.
7
Calculate the remainder when 62 is divided by 19.
5
What is the remainder when 199 is divided by 56?
31
What is the remainder when 68 is divided by 15?
8
What is the remainder when 185 is divided by 17?
15
What is the remainder when 10859 is divided by 12?
11
What is the remainder when 99 is divided by 18?
9
What is the remainder when 1015 is divided by 57?
46
What is the remainder when 529 is divided by 526?
3
Calculate the remainder when 1469 is divided by 30.
29
What is the remainder when 170 is divided by 8?
2
What is the remainder when 106 is divided by 10?
6
Calculate the remainder when 153 is divided by 52.
49
What is the remainder when 694 is divided by 191?
121
What is the remainder when 9727 is divided by 38?
37
What is the remainder when 131 is divided by 32?
3
Calculate the remainder when 224 is divided by 92.
40
Calculate the remainder when 335 is divided by 14.
13
What is the remainder when 360 is divided by 48?
24
What is the remainder when 1171 is divided by 51?
49
What is the remainder when 314 is divided by 15?
14
Calculate the remainder when 24 is divided by 14.
10
What is the remainder when 138 is divided by 71?
67
What is the remainder when 50 is divided by 17?
16
Calculate the remainder when 248 is divided by 233.
15
What is the remainder when 22 is divided by 9?
4
What is the remainder when 216 is divided by 81?
54
Calculate the remainder when 265 is divided by 72.
49
What is the remainder when 188 is divided by 147?
41
What is the remainder when 75 is divided by 55?
20
Calculate the remainder when 1310 is divided by 145.
5
What is the remainder when 1149 is divided by 50?
49
What is the remainder when 5344 is divided by 1334?
8
Calculate the remainder when 1058 is divided by 67.
53
What is the remainder when 992 is divided by 111?
104
Calculate the remainder when 37855 is divided by 52.
51
Calculate the remainder when 70 is divided by 17.
2
Calculate the remainder when 466 is divided by 13.
11
Calculate the remainder when 609 is divided by 36.
33
Calculate the remainder when 599 is divided by 17.
4
Calculate the remainder when 393 is divided by 67.
58
Calculate the remainder when 1225 is divided by 600.
25
Calculate the remainder when 3098 is divided by 124.
122
What is the remainder when 1404 is divided by 38?
36
What is the remainder when 5014 is divided by 22?
20
Calculate the remainder when 2265 is divided by 65.
55
What is the remainder when 898 is divided by 90?
88
What is the remainder when 207 is divided by 14?
11
What is the remainder when 163 is divided by 77?
9
What is the remainder when 27 is divided by 14?
13
What is the remainder when 373 is divided by 40?
13
Calculate the remainder when 645 is divided by 54.
51
What is the remainder when 1663 is divided by 407?
35
What is the remainder when 611 is divided by 102?
101
What is the remainder when 437 is divided by 52?
21
Calculate the 